{"id":364,"date":"2024-12-10T11:17:44","date_gmt":"2024-12-10T08:17:44","guid":{"rendered":"https:\/\/istevl.com\/?page_id=364"},"modified":"2025-01-07T20:28:09","modified_gmt":"2025-01-07T17:28:09","slug":"aydinlatma-otomasyonu","status":"publish","type":"page","link":"https:\/\/istevl.com\/?page_id=364","title":{"rendered":"Ayd\u0131nlatma Otomasyonu"},"content":{"rendered":"\t\t<div data-elementor-type=\"wp-page\" data-elementor-id=\"364\" class=\"elementor elementor-364\">\n\t\t\t\t<div class=\"elementor-element elementor-element-28f3f4b e-flex e-con-boxed e-con e-parent\" data-id=\"28f3f4b\" data-element_type=\"container\" data-e-type=\"container\">\n\t\t\t\t\t<div class=\"e-con-inner\">\n\t\t\t\t\t<\/div>\n\t\t\t\t<\/div>\n\t\t<div class=\"elementor-element elementor-element-8645d2f e-flex e-con-boxed e-con e-parent\" data-id=\"8645d2f\" data-element_type=\"container\" data-e-type=\"container\">\n\t\t\t\t\t<div class=\"e-con-inner\">\n\t\t<div class=\"elementor-element elementor-element-a949080 e-con-full e-flex e-con e-child\" data-id=\"a949080\" data-element_type=\"container\" data-e-type=\"container\">\n\t\t\t\t<div class=\"elementor-element elementor-element-7cbc847 elementor-widget elementor-widget-image\" data-id=\"7cbc847\" data-element_type=\"widget\" data-e-type=\"widget\" data-widget_type=\"image.default\">\n\t\t\t\t<div class=\"elementor-widget-container\">\n\t\t\t\t\t\t\t\t\t\t\t\t\t\t\t<img fetchpriority=\"high\" decoding=\"async\" width=\"1028\" height=\"442\" src=\"https:\/\/istevl.com\/wp-content\/uploads\/2024\/12\/solution-iot-73d6b5a8-4d7f91e3@764ll.png\" class=\"attachment-2048x2048 size-2048x2048 wp-image-366\" alt=\"\" srcset=\"https:\/\/istevl.com\/wp-content\/uploads\/2024\/12\/solution-iot-73d6b5a8-4d7f91e3@764ll.png 1028w, https:\/\/istevl.com\/wp-content\/uploads\/2024\/12\/solution-iot-73d6b5a8-4d7f91e3@764ll-300x129.png 300w, https:\/\/istevl.com\/wp-content\/uploads\/2024\/12\/solution-iot-73d6b5a8-4d7f91e3@764ll-1024x440.png 1024w, https:\/\/istevl.com\/wp-content\/uploads\/2024\/12\/solution-iot-73d6b5a8-4d7f91e3@764ll-768x330.png 768w\" sizes=\"(max-width: 1028px) 100vw, 1028px\" \/>\t\t\t\t\t\t\t\t\t\t\t\t\t\t\t<\/div>\n\t\t\t\t<\/div>\n\t\t\t\t<\/div>\n\t\t<div class=\"elementor-element elementor-element-12684c7 e-con-full e-flex e-con e-child\" data-id=\"12684c7\" data-element_type=\"container\" data-e-type=\"container\">\n\t\t\t\t<div class=\"elementor-element elementor-element-5374037 elementor-widget elementor-widget-text-editor\" data-id=\"5374037\" data-element_type=\"widget\" data-e-type=\"widget\" data-widget_type=\"text-editor.default\">\n\t\t\t\t<div class=\"elementor-widget-container\">\n\t\t\t\t\t\t\t\t\t<p>Ayd\u0131nlatma otomasyonu, binalarda enerji verimlili\u011fini art\u0131rmak, konforu sa\u011flamak ve i\u015fletme maliyetlerini azaltmak amac\u0131yla kullan\u0131lan bir teknoloji sistemidir. Bu sistemler, \u0131\u015f\u0131klar\u0131n gerekti\u011fi yerde ve zamanda a\u00e7\u0131l\u0131p kapanmas\u0131n\u0131 sa\u011flayarak enerji t\u00fcketimini minimuma indirir. KNX gibi ak\u0131ll\u0131 otomasyon sistemleri, binalar\u0131n ayd\u0131nlatma y\u00f6netimini daha verimli hale getiren \u00f6nemli teknolojilerden biridir.<\/p>\t\t\t\t\t\t\t\t<\/div>\n\t\t\t\t<\/div>\n\t\t\t\t<\/div>\n\t\t\t\t\t<\/div>\n\t\t\t\t<\/div>\n\t\t<div class=\"elementor-element elementor-element-f07dc91 e-flex e-con-boxed e-con e-parent\" data-id=\"f07dc91\" data-element_type=\"container\" data-e-type=\"container\">\n\t\t\t\t\t<div class=\"e-con-inner\">\n\t\t\t\t\t<\/div>\n\t\t\t\t<\/div>\n\t\t<div class=\"elementor-element elementor-element-e06dc11 e-flex e-con-boxed e-con e-parent\" data-id=\"e06dc11\" data-element_type=\"container\" data-e-type=\"container\">\n\t\t\t\t\t<div class=\"e-con-inner\">\n\t\t\t\t<div class=\"elementor-element elementor-element-ce3a4eb elementor-widget elementor-widget-text-editor\" data-id=\"ce3a4eb\" data-element_type=\"widget\" data-e-type=\"widget\" data-widget_type=\"text-editor.default\">\n\t\t\t\t<div class=\"elementor-widget-container\">\n\t\t\t\t\t\t\t\t\t<h5>Ayd\u0131nlatma Otomasyonu ve \u00c7al\u0131\u015fma Prensibi<\/h5><p>Ayd\u0131nlatma otomasyonu, genellikle sens\u00f6rler, zamanlay\u0131c\u0131lar ve merkezi kontrol sistemleri kullan\u0131larak \u00e7al\u0131\u015f\u0131r:<\/p><ul><li><p><strong>Hareket ve Yo\u011funluk Sens\u00f6rleri:<\/strong> Bir alandaki hareketi alg\u0131layarak \u0131\u015f\u0131klar\u0131 otomatik olarak a\u00e7ar veya kapat\u0131r. I\u015f\u0131k yo\u011funlu\u011funu \u00f6l\u00e7erek, g\u00fcn \u0131\u015f\u0131\u011f\u0131na g\u00f6re ayd\u0131nlatmay\u0131 ayarlar.<\/p><\/li><li><p><strong>Zamanlay\u0131c\u0131lar ve Programlamalar:<\/strong> Belirli saatlerde veya belirli g\u00fcnlerde \u0131\u015f\u0131klar\u0131 otomatik olarak a\u00e7\u0131p kapat\u0131r.<\/p><\/li><li><p><strong>Uzaktan Kontrol ve Ak\u0131ll\u0131 Sistemler:<\/strong> Ak\u0131ll\u0131 telefonlar, tabletler veya merkezi kontrol panelleri ile ayd\u0131nlatma sistemleri uzaktan y\u00f6netilebilir.<\/p><\/li><\/ul><div>\u00a0<\/div>\t\t\t\t\t\t\t\t<\/div>\n\t\t\t\t<\/div>\n\t\t\t\t\t<\/div>\n\t\t\t\t<\/div>\n\t\t<div class=\"elementor-element elementor-element-024eb37 e-flex e-con-boxed e-con e-parent\" data-id=\"024eb37\" data-element_type=\"container\" data-e-type=\"container\">\n\t\t\t\t\t<div class=\"e-con-inner\">\n\t\t\t\t\t<\/div>\n\t\t\t\t<\/div>\n\t\t<div class=\"elementor-element elementor-element-638c175 e-flex e-con-boxed e-con e-parent\" data-id=\"638c175\" data-element_type=\"container\" data-e-type=\"container\">\n\t\t\t\t\t<div class=\"e-con-inner\">\n\t\t\t\t<div class=\"elementor-element elementor-element-a834164 elementor-widget elementor-widget-text-editor\" data-id=\"a834164\" data-element_type=\"widget\" data-e-type=\"widget\" data-widget_type=\"text-editor.default\">\n\t\t\t\t<div class=\"elementor-widget-container\">\n\t\t\t\t\t\t\t\t\t<h5>KNX ve Ayd\u0131nlatma Otomasyonu<\/h5><p>KNX, uluslararas\u0131 alanda kabul g\u00f6rm\u00fc\u015f bir otomasyon protokol\u00fcd\u00fcr ve ayd\u0131nlatma sistemlerinin merkezi ve ak\u0131ll\u0131 bir \u015fekilde kontrol edilmesini sa\u011flar. KNX sistemleri, farkl\u0131 \u00fcreticilerin cihazlar\u0131n\u0131n birbirleriyle uyumlu \u00e7al\u0131\u015fmas\u0131n\u0131 sa\u011flayan a\u00e7\u0131k bir standartt\u0131r. Ayd\u0131nlatma otomasyonunda KNX\u2019in sa\u011flad\u0131\u011f\u0131 avantajlar:<\/p><ul><li><p><strong>Enerji Verimlili\u011fi:<\/strong> KNX sistemleri, \u0131\u015f\u0131klar\u0131n ihtiya\u00e7 dahilinde a\u00e7\u0131l\u0131p kapanmas\u0131n\u0131 sa\u011flayarak enerjiden tasarruf sa\u011flar. I\u015f\u0131k yo\u011funlu\u011fu sens\u00f6rleri ve hareket alg\u0131lay\u0131c\u0131lar\u0131 ile g\u00fcn \u0131\u015f\u0131\u011f\u0131na g\u00f6re otomatik ayarlamalar yap\u0131labilir.<\/p><\/li><li><p><strong>Merkezi Kontrol:<\/strong> KNX tabanl\u0131 sistemler, ayd\u0131nlatma sistemlerinin tek bir aray\u00fczden y\u00f6netilmesine olanak tan\u0131r. Mobil cihazlardan veya merkezi kontrol panellerinden ayd\u0131nlatman\u0131n durumu kolayca ayarlanabilir.<\/p><\/li><li><p><strong>Esneklik ve \u00d6zelle\u015ftirme:<\/strong> KNX sistemi, farkl\u0131 cihazlar ve sens\u00f6rlerle entegre \u00e7al\u0131\u015fabilir, bu da kullan\u0131c\u0131lara sistemlerini ihtiyaca g\u00f6re \u00f6zelle\u015ftirme olana\u011f\u0131 tan\u0131r.<\/p><\/li><li><p><strong>Zamanlama ve Programlama:<\/strong> KNX sistemi, belirli zaman aral\u0131klar\u0131nda \u0131\u015f\u0131klar\u0131n a\u00e7\u0131l\u0131p kapanmas\u0131n\u0131 programlayabilir, b\u00f6ylece i\u015fletmelerde ve evlerde enerji tasarrufu sa\u011flan\u0131r.<\/p><\/li><\/ul><h5>Avantajlar\u0131 ve Kullan\u0131m Alanlar\u0131<\/h5><ul><li><p><strong>Enerji Tasarrufu:<\/strong> I\u015f\u0131klar yaln\u0131zca ihtiya\u00e7 duyuldu\u011funda \u00e7al\u0131\u015ft\u0131r\u0131l\u0131r, bu da enerji tasarrufu ve daha d\u00fc\u015f\u00fck maliyetler sa\u011flar.<\/p><\/li><li><p><strong>Konfor ve G\u00fcvenlik:<\/strong> Hareket sens\u00f6rleri ve otomatik programlama ile binalardaki konfor artar, g\u00fcvenlik \u00f6nlemleri g\u00fc\u00e7lendirilir.<\/p><\/li><li><p><strong>Ak\u0131ll\u0131 Ev ve Ticari Kullan\u0131m:<\/strong> Evlerde ve ofislerde \u0131\u015f\u0131klar\u0131n kullan\u0131m\u0131 daha verimli ve rahat bir hale gelir. KNX sistemi sayesinde ak\u0131ll\u0131 ev \u00e7\u00f6z\u00fcmleri ile t\u00fcm ayd\u0131nlatma sistemleri bir arada kontrol edilebilir.<\/p><\/li><\/ul><div>\u00a0<\/div>\t\t\t\t\t\t\t\t<\/div>\n\t\t\t\t<\/div>\n\t\t\t\t\t<\/div>\n\t\t\t\t<\/div>\n\t\t<div class=\"elementor-element elementor-element-64deae4 e-flex e-con-boxed e-con e-parent\" data-id=\"64deae4\" data-element_type=\"container\" data-e-type=\"container\">\n\t\t\t\t\t<div class=\"e-con-inner\">\n\t\t\t\t\t<\/div>\n\t\t\t\t<\/div>\n\t\t\t\t<\/div>\n\t\t","protected":false},"excerpt":{"rendered":"<p>Ayd\u0131nlatma otomasyonu, binalarda enerji verimlili\u011fini art\u0131rmak, konforu sa\u011flamak ve i\u015fletme maliyetlerini azaltmak amac\u0131yla kullan\u0131lan bir teknoloji sistemidir. Bu sistemler, \u0131\u015f\u0131klar\u0131n gerekti\u011fi yerde ve zamanda a\u00e7\u0131l\u0131p kapanmas\u0131n\u0131 sa\u011flayarak enerji t\u00fcketimini minimuma indirir. KNX gibi ak\u0131ll\u0131 otomasyon sistemleri, binalar\u0131n ayd\u0131nlatma y\u00f6netimini daha verimli hale getiren \u00f6nemli teknolojilerden biridir. Ayd\u0131nlatma Otomasyonu ve \u00c7al\u0131\u015fma Prensibi Ayd\u0131nlatma otomasyonu, genellikle sens\u00f6rler, [&hellip;]<\/p>\n","protected":false},"author":1,"featured_media":0,"parent":0,"menu_order":0,"comment_status":"closed","ping_status":"closed","template":"","meta":{"_monsterinsights_skip_tracking":false,"_monsterinsights_sitenote_active":false,"_monsterinsights_sitenote_note":"","_monsterinsights_sitenote_category":0,"footnotes":""},"class_list":["post-364","page","type-page","status-publish","hentry"],"aioseo_notices":[],"_links":{"self":[{"href":"https:\/\/istevl.com\/index.php?rest_route=\/wp\/v2\/pages\/364","targetHints":{"allow":["GET"]}}],"collection":[{"href":"https:\/\/istevl.com\/index.php?rest_route=\/wp\/v2\/pages"}],"about":[{"href":"https:\/\/istevl.com\/index.php?rest_route=\/wp\/v2\/types\/page"}],"author":[{"embeddable":true,"href":"https:\/\/istevl.com\/index.php?rest_route=\/wp\/v2\/users\/1"}],"replies":[{"embeddable":true,"href":"https:\/\/istevl.com\/index.php?rest_route=%2Fwp%2Fv2%2Fcomments&post=364"}],"version-history":[{"count":13,"href":"https:\/\/istevl.com\/index.php?rest_route=\/wp\/v2\/pages\/364\/revisions"}],"predecessor-version":[{"id":1236,"href":"https:\/\/istevl.com\/index.php?rest_route=\/wp\/v2\/pages\/364\/revisions\/1236"}],"wp:attachment":[{"href":"https:\/\/istevl.com\/index.php?rest_route=%2Fwp%2Fv2%2Fmedia&parent=364"}],"curies":[{"name":"wp","href":"https:\/\/api.w.org\/{rel}","templated":true}]}}