{"id":360,"date":"2024-12-09T15:53:31","date_gmt":"2024-12-09T12:53:31","guid":{"rendered":"https:\/\/istevl.com\/?page_id=360"},"modified":"2025-01-07T21:41:14","modified_gmt":"2025-01-07T18:41:14","slug":"tarim-alaninda-hizmetler","status":"publish","type":"page","link":"https:\/\/istevl.com\/?page_id=360","title":{"rendered":"Tar\u0131m Alan\u0131nda Hizmetler"},"content":{"rendered":"\t\t<div data-elementor-type=\"wp-page\" data-elementor-id=\"360\" class=\"elementor elementor-360\">\n\t\t\t\t<div class=\"elementor-element elementor-element-dc4ab4a e-flex e-con-boxed e-con e-parent\" data-id=\"dc4ab4a\" data-element_type=\"container\" data-e-type=\"container\">\n\t\t\t\t\t<div class=\"e-con-inner\">\n\t\t\t\t\t<\/div>\n\t\t\t\t<\/div>\n\t\t<div class=\"elementor-element elementor-element-40e461d e-flex e-con-boxed e-con e-parent\" data-id=\"40e461d\" data-element_type=\"container\" data-e-type=\"container\">\n\t\t\t\t\t<div class=\"e-con-inner\">\n\t\t\t\t<div class=\"elementor-element elementor-element-04fe52f elementor-widget elementor-widget-image\" data-id=\"04fe52f\" data-element_type=\"widget\" data-e-type=\"widget\" data-widget_type=\"image.default\">\n\t\t\t\t<div class=\"elementor-widget-container\">\n\t\t\t\t\t\t\t\t\t\t\t\t\t\t\t<img fetchpriority=\"high\" decoding=\"async\" width=\"800\" height=\"428\" src=\"https:\/\/istevl.com\/wp-content\/uploads\/2024\/12\/agri-talent-future-of-tech-in-ag-1024x548.jpg\" class=\"attachment-large size-large wp-image-402\" alt=\"\" srcset=\"https:\/\/istevl.com\/wp-content\/uploads\/2024\/12\/agri-talent-future-of-tech-in-ag-1024x548.jpg 1024w, https:\/\/istevl.com\/wp-content\/uploads\/2024\/12\/agri-talent-future-of-tech-in-ag-300x161.jpg 300w, https:\/\/istevl.com\/wp-content\/uploads\/2024\/12\/agri-talent-future-of-tech-in-ag-768x411.jpg 768w, https:\/\/istevl.com\/wp-content\/uploads\/2024\/12\/agri-talent-future-of-tech-in-ag.jpg 1200w\" sizes=\"(max-width: 800px) 100vw, 800px\" \/>\t\t\t\t\t\t\t\t\t\t\t\t\t\t\t<\/div>\n\t\t\t\t<\/div>\n\t\t\t\t\t<\/div>\n\t\t\t\t<\/div>\n\t\t<div class=\"elementor-element elementor-element-d2b5fe1 e-flex e-con-boxed e-con e-parent\" data-id=\"d2b5fe1\" data-element_type=\"container\" data-e-type=\"container\">\n\t\t\t\t\t<div class=\"e-con-inner\">\n\t\t\t\t\t<\/div>\n\t\t\t\t<\/div>\n\t\t<div class=\"elementor-element elementor-element-d94a9dc e-flex e-con-boxed e-con e-parent\" data-id=\"d94a9dc\" data-element_type=\"container\" data-e-type=\"container\">\n\t\t\t\t\t<div class=\"e-con-inner\">\n\t\t\t\t<div class=\"elementor-element elementor-element-6729402 elementor-widget elementor-widget-text-editor\" data-id=\"6729402\" data-element_type=\"widget\" data-e-type=\"widget\" data-widget_type=\"text-editor.default\">\n\t\t\t\t<div class=\"elementor-widget-container\">\n\t\t\t\t\t\t\t\t\t<h5>Tar\u0131m Alan\u0131nda Hizmetler<\/h5><ol start=\"1\"><li><p><strong>Arazi Tesviye ve Rehabilitasyon<\/strong><\/p><ul><li><p><strong>Ama\u00e7:<\/strong> Arazinin tar\u0131ma elveri\u015fli hale getirilmesi, verimlili\u011fin art\u0131r\u0131lmas\u0131 ve erozyon gibi olumsuzluklar\u0131n \u00f6nlenmesi.<\/p><\/li><li><p><strong>Hizmetler:<\/strong><\/p><ul><li><p><strong>Topografik \u00d6l\u00e7\u00fcmler:<\/strong> Arazinin e\u011fimi ve d\u00fczensizlikleri belirlenir.<\/p><\/li><li><p><strong>Tesviye \u0130\u015flemleri:<\/strong> D\u00fczg\u00fcn bir y\u00fczey olu\u015fturmak i\u00e7in kaz\u0131 ve dolgu i\u015flemleri yap\u0131l\u0131r.<\/p><\/li><li><p><strong>Drenaj Sistemleri:<\/strong> Fazla suyun tahliyesi i\u00e7in drenaj kanallar\u0131 ve altyap\u0131 tasarlan\u0131r.<\/p><\/li><li><p><strong>Toprak Rehabilitasyonu:<\/strong> Organik madde eklenmesi, kire\u00e7leme, tuzlulu\u011fun giderilmesi gibi i\u015flemler uygulan\u0131r.<\/p><\/li><\/ul><\/li><\/ul><\/li><li><p><strong>Ak\u0131ll\u0131 Sera Kurulumu<\/strong><\/p><ul><li><p><strong>Ama\u00e7:<\/strong> Modern teknoloji ile donat\u0131lm\u0131\u015f, verimlili\u011fi ve enerji tasarrufunu art\u0131ran seralar\u0131n in\u015fas\u0131.<\/p><\/li><li><p><strong>Hizmetler:<\/strong><\/p><ul><li><p><strong>\u0130klim Kontrol\u00fc:<\/strong> S\u0131cakl\u0131k, nem, \u0131\u015f\u0131k ve karbondioksit seviyelerini d\u00fczenleyen otomasyon sistemleri kurulumu.<\/p><\/li><li><p><strong>Sulama ve G\u00fcbreleme Sistemleri:<\/strong> Damla sulama ve otomatik g\u00fcbreleme sistemleri entegrasyonu.<\/p><\/li><li><p><strong>IoT ve Sens\u00f6r Teknolojisi:<\/strong> Bitki geli\u015fimini izleyen sens\u00f6rlerin yerle\u015ftirilmesi.<\/p><\/li><li><p><strong>Yap\u0131 Tasar\u0131m\u0131:<\/strong> Seran\u0131n iklime uygun malzemelerle (polikarbonat, cam vb.) in\u015fa edilmesi.<\/p><\/li><\/ul><\/li><\/ul><\/li><li><p><strong>Bah\u00e7e Tesisinin Kurulumu ve Bak\u0131m\u0131<\/strong><\/p><ul><li><p><strong>Ama\u00e7:<\/strong> Meyve, sebze ve s\u00fcs bitkileri i\u00e7in profesyonel bah\u00e7elerin olu\u015fturulmas\u0131 ve s\u00fcrd\u00fcr\u00fclebilir bak\u0131m\u0131.<\/p><\/li><li><p><strong>Hizmetler:<\/strong><\/p><ul><li><p><strong>Arazi Haz\u0131rl\u0131\u011f\u0131:<\/strong> Toprak analizi ve iyile\u015ftirilmesi, drenaj sistemlerinin kurulumu.<\/p><\/li><li><p><strong>Bitki Se\u00e7imi:<\/strong> \u0130klime, toprak yap\u0131s\u0131na ve \u00fcretim hedeflerine uygun bitkilerin se\u00e7imi.<\/p><\/li><li><p><strong>Dikim Planlamas\u0131:<\/strong> S\u0131ra aral\u0131\u011f\u0131, sulama kanallar\u0131 ve koruyucu bitki \u00f6rt\u00fcs\u00fcn\u00fcn planlanmas\u0131.<\/p><\/li><li><p><strong>Bak\u0131m \u00c7al\u0131\u015fmalar\u0131:<\/strong> Budama, g\u00fcbreleme, zararl\u0131 kontrol\u00fc, sulama ve hasat i\u015flemleri.<\/p><\/li><\/ul><\/li><\/ul><\/li><li><p><strong>Hayvanc\u0131l\u0131k Tesis Kurulumu<\/strong><\/p><ul><li><p><strong>Ama\u00e7:<\/strong> Modern standartlara uygun, hayvan refah\u0131n\u0131 ve verimlili\u011fi art\u0131ran tesislerin tasar\u0131m\u0131 ve in\u015fas\u0131.<\/p><\/li><li><p><strong>Hizmetler:<\/strong><\/p><ul><li><p><strong>Tesis Planlamas\u0131:<\/strong> Ah\u0131r, a\u011f\u0131l, k\u00fcmes gibi yap\u0131lar\u0131n yerle\u015fim d\u00fczeninin tasar\u0131m\u0131.<\/p><\/li><li><p><strong>Havaland\u0131rma ve \u0130klimlendirme:<\/strong> Hayvanlar\u0131n konforu i\u00e7in uygun sistemlerin entegrasyonu.<\/p><\/li><li><p><strong>Otomasyon Sistemleri:<\/strong> Yemleme, sulama ve s\u00fct sa\u011f\u0131m sistemlerinin otomatikle\u015ftirilmesi.<\/p><\/li><li><p><strong>At\u0131k Y\u00f6netimi:<\/strong> Organik at\u0131klar\u0131n i\u015flenmesi ve biyogaz sistemleri kurulumu.<\/p><\/li><li><p><strong>Veterinerlik Altyap\u0131s\u0131:<\/strong> Sa\u011fl\u0131k kontrol alanlar\u0131, dezenfeksiyon sistemleri kurulumu.<\/p><\/li><\/ul><\/li><\/ul><\/li><li><p><strong>Hassas Tar\u0131m Uygulamalar\u0131<\/strong><\/p><ul><li><p><strong>Ama\u00e7:<\/strong> Teknolojik ara\u00e7larla kaynak kullan\u0131m\u0131n\u0131 optimize ederek maksimum verim elde etmek ve \u00e7evresel etkileri azaltmak.<\/p><\/li><li><p><strong>Hizmetler:<\/strong><\/p><ul><li><p><strong>Sens\u00f6r ve \u0130zleme Sistemleri:<\/strong> Toprak nemi, s\u0131cakl\u0131k, pH ve bitki sa\u011fl\u0131\u011f\u0131 izleme sistemlerinin entegrasyonu.<\/p><\/li><li><p><strong>GPS Destekli Ekipmanlar:<\/strong> Trakt\u00f6r ve tar\u0131m makinelerinde hassasiyetle ila\u00e7lama ve g\u00fcbreleme.<\/p><\/li><li><p><strong>Dron Teknolojisi:<\/strong> Arazilerin havadan taranmas\u0131, \u00fcr\u00fcn sa\u011fl\u0131\u011f\u0131 ve zararl\u0131lar\u0131n izlenmesi.<\/p><\/li><li><p><strong>Veri Analiti\u011fi:<\/strong> Toplanan verilerin analiz edilerek sulama, g\u00fcbreleme ve hasat zamanlar\u0131n\u0131n optimize edilmesi.<\/p><\/li><li><p><strong>Tar\u0131m Yaz\u0131l\u0131mlar\u0131:<\/strong> \u00dcretim s\u00fcre\u00e7lerini planlamak ve izlemek i\u00e7in yaz\u0131l\u0131mlar\u0131n kullan\u0131m\u0131.<\/p><\/li><\/ul><\/li><\/ul><\/li><\/ol><p>Bu ba\u015fl\u0131klardan birinde veya birka\u00e7\u0131nda derinlemesine bir proje geli\u015ftirmek isterseniz, daha fazla detay verebilirseniz ihtiya\u00e7lar\u0131n\u0131za uygun bir planlama yapabilirim.<\/p>\t\t\t\t\t\t\t\t<\/div>\n\t\t\t\t<\/div>\n\t\t\t\t\t<\/div>\n\t\t\t\t<\/div>\n\t\t<div class=\"elementor-element elementor-element-a6425e9 e-flex e-con-boxed e-con e-parent\" data-id=\"a6425e9\" data-element_type=\"container\" data-e-type=\"container\">\n\t\t\t\t\t<div class=\"e-con-inner\">\n\t\t\t\t\t<\/div>\n\t\t\t\t<\/div>\n\t\t\t\t<\/div>\n\t\t","protected":false},"excerpt":{"rendered":"<p>Tar\u0131m Alan\u0131nda Hizmetler Arazi Tesviye ve Rehabilitasyon Ama\u00e7: Arazinin tar\u0131ma elveri\u015fli hale getirilmesi, verimlili\u011fin art\u0131r\u0131lmas\u0131 ve erozyon gibi olumsuzluklar\u0131n \u00f6nlenmesi. Hizmetler: Topografik \u00d6l\u00e7\u00fcmler: Arazinin e\u011fimi ve d\u00fczensizlikleri belirlenir. Tesviye \u0130\u015flemleri: D\u00fczg\u00fcn bir y\u00fczey olu\u015fturmak i\u00e7in kaz\u0131 ve dolgu i\u015flemleri yap\u0131l\u0131r. Drenaj Sistemleri: Fazla suyun tahliyesi i\u00e7in drenaj kanallar\u0131 ve altyap\u0131 tasarlan\u0131r. Toprak Rehabilitasyonu: Organik madde [&hellip;]<\/p>\n","protected":false},"author":1,"featured_media":0,"parent":0,"menu_order":0,"comment_status":"closed","ping_status":"closed","template":"","meta":{"_monsterinsights_skip_tracking":false,"_monsterinsights_sitenote_active":false,"_monsterinsights_sitenote_note":"","_monsterinsights_sitenote_category":0,"footnotes":""},"class_list":["post-360","page","type-page","status-publish","hentry"],"aioseo_notices":[],"_links":{"self":[{"href":"https:\/\/istevl.com\/index.php?rest_route=\/wp\/v2\/pages\/360","targetHints":{"allow":["GET"]}}],"collection":[{"href":"https:\/\/istevl.com\/index.php?rest_route=\/wp\/v2\/pages"}],"about":[{"href":"https:\/\/istevl.com\/index.php?rest_route=\/wp\/v2\/types\/page"}],"author":[{"embeddable":true,"href":"https:\/\/istevl.com\/index.php?rest_route=\/wp\/v2\/users\/1"}],"replies":[{"embeddable":true,"href":"https:\/\/istevl.com\/index.php?rest_route=%2Fwp%2Fv2%2Fcomments&post=360"}],"version-history":[{"count":13,"href":"https:\/\/istevl.com\/index.php?rest_route=\/wp\/v2\/pages\/360\/revisions"}],"predecessor-version":[{"id":1362,"href":"https:\/\/istevl.com\/index.php?rest_route=\/wp\/v2\/pages\/360\/revisions\/1362"}],"wp:attachment":[{"href":"https:\/\/istevl.com\/index.php?rest_route=%2Fwp%2Fv2%2Fmedia&parent=360"}],"curies":[{"name":"wp","href":"https:\/\/api.w.org\/{rel}","templated":true}]}}