{"id":234,"date":"2024-12-06T12:02:19","date_gmt":"2024-12-06T09:02:19","guid":{"rendered":"https:\/\/istevl.com\/?page_id=234"},"modified":"2025-01-07T21:38:00","modified_gmt":"2025-01-07T18:38:00","slug":"ruzgar-enerjisi-sistemi","status":"publish","type":"page","link":"https:\/\/istevl.com\/?page_id=234","title":{"rendered":"R\u00fczg\u00e2r Enerjisi Sistemi"},"content":{"rendered":"\t\t<div data-elementor-type=\"wp-page\" data-elementor-id=\"234\" class=\"elementor elementor-234\">\n\t\t\t\t<div class=\"elementor-element elementor-element-bf1ed9b e-flex e-con-boxed e-con e-parent\" data-id=\"bf1ed9b\" data-element_type=\"container\" data-e-type=\"container\">\n\t\t\t\t\t<div class=\"e-con-inner\">\n\t\t\t\t\t<\/div>\n\t\t\t\t<\/div>\n\t\t<div class=\"elementor-element elementor-element-fa428a5 e-flex e-con-boxed e-con e-parent\" data-id=\"fa428a5\" data-element_type=\"container\" data-e-type=\"container\">\n\t\t\t\t\t<div class=\"e-con-inner\">\n\t\t<div class=\"elementor-element elementor-element-6c17205 e-con-full e-flex e-con e-child\" data-id=\"6c17205\" data-element_type=\"container\" data-e-type=\"container\">\n\t\t\t\t<div class=\"elementor-element elementor-element-89fbd8b elementor-widget elementor-widget-image\" data-id=\"89fbd8b\" data-element_type=\"widget\" data-e-type=\"widget\" data-widget_type=\"image.default\">\n\t\t\t\t<div class=\"elementor-widget-container\">\n\t\t\t\t\t\t\t\t\t\t\t\t\t\t\t<img fetchpriority=\"high\" decoding=\"async\" width=\"1280\" height=\"720\" src=\"https:\/\/istevl.com\/wp-content\/uploads\/2024\/12\/onshore-wind-energy-4.jpg\" class=\"attachment-2048x2048 size-2048x2048 wp-image-285\" alt=\"\" srcset=\"https:\/\/istevl.com\/wp-content\/uploads\/2024\/12\/onshore-wind-energy-4.jpg 1280w, https:\/\/istevl.com\/wp-content\/uploads\/2024\/12\/onshore-wind-energy-4-300x169.jpg 300w, https:\/\/istevl.com\/wp-content\/uploads\/2024\/12\/onshore-wind-energy-4-1024x576.jpg 1024w, https:\/\/istevl.com\/wp-content\/uploads\/2024\/12\/onshore-wind-energy-4-768x432.jpg 768w\" sizes=\"(max-width: 1280px) 100vw, 1280px\" \/>\t\t\t\t\t\t\t\t\t\t\t\t\t\t\t<\/div>\n\t\t\t\t<\/div>\n\t\t\t\t<\/div>\n\t\t<div class=\"elementor-element elementor-element-5734f18 e-con-full e-flex e-con e-child\" data-id=\"5734f18\" data-element_type=\"container\" data-e-type=\"container\">\n\t\t\t\t<div class=\"elementor-element elementor-element-f1f4815 elementor-widget elementor-widget-text-editor\" data-id=\"f1f4815\" data-element_type=\"widget\" data-e-type=\"widget\" data-widget_type=\"text-editor.default\">\n\t\t\t\t<div class=\"elementor-widget-container\">\n\t\t\t\t\t\t\t\t\t<p>Bireysel kullan\u0131c\u0131lar veya k\u00fc\u00e7\u00fck \u00f6l\u00e7ekli enerji ihtiya\u00e7lar\u0131 i\u00e7in tasarlanm\u0131\u015f, r\u00fczgar enerjisini elektrik enerjisine d\u00f6n\u00fc\u015ft\u00fcren sistemlerdir. Tipik olarak 1-50 kW aras\u0131nda g\u00fc\u00e7 \u00fcretirler ve evler, \u00e7iftlikler veya k\u00fc\u00e7\u00fck i\u015fletmeler i\u00e7in uygundur.<\/p><p>Bu t\u00fcr t\u00fcrbinler, genellikle dire\u011fe monte edilir ve d\u00fc\u015f\u00fck r\u00fczgar h\u0131zlar\u0131nda dahi \u00e7al\u0131\u015fabilir. \u015eebekeye ba\u011fl\u0131 veya ba\u011f\u0131ms\u0131z olarak kullan\u0131labilir; ba\u011f\u0131ms\u0131z sistemlerde genellikle bataryalarla enerji depolama yap\u0131l\u0131r. Kurulumu ve bak\u0131m\u0131 b\u00fcy\u00fck t\u00fcrbinlere g\u00f6re daha kolayd\u0131r ve enerji maliyetlerini d\u00fc\u015f\u00fcrmek i\u00e7in \u00e7evre dostu bir alternatiftir.<\/p><p>\u00a0<\/p>\t\t\t\t\t\t\t\t<\/div>\n\t\t\t\t<\/div>\n\t\t\t\t<\/div>\n\t\t\t\t\t<\/div>\n\t\t\t\t<\/div>\n\t\t<div class=\"elementor-element elementor-element-5251cd3 e-flex e-con-boxed e-con e-parent\" data-id=\"5251cd3\" data-element_type=\"container\" data-e-type=\"container\">\n\t\t\t\t\t<div class=\"e-con-inner\">\n\t\t\t\t\t<\/div>\n\t\t\t\t<\/div>\n\t\t\t\t<\/div>\n\t\t","protected":false},"excerpt":{"rendered":"<p>Bireysel kullan\u0131c\u0131lar veya k\u00fc\u00e7\u00fck \u00f6l\u00e7ekli enerji ihtiya\u00e7lar\u0131 i\u00e7in tasarlanm\u0131\u015f, r\u00fczgar enerjisini elektrik enerjisine d\u00f6n\u00fc\u015ft\u00fcren sistemlerdir. Tipik olarak 1-50 kW aras\u0131nda g\u00fc\u00e7 \u00fcretirler ve evler, \u00e7iftlikler veya k\u00fc\u00e7\u00fck i\u015fletmeler i\u00e7in uygundur. Bu t\u00fcr t\u00fcrbinler, genellikle dire\u011fe monte edilir ve d\u00fc\u015f\u00fck r\u00fczgar h\u0131zlar\u0131nda dahi \u00e7al\u0131\u015fabilir. \u015eebekeye ba\u011fl\u0131 veya ba\u011f\u0131ms\u0131z olarak kullan\u0131labilir; ba\u011f\u0131ms\u0131z sistemlerde genellikle bataryalarla enerji depolama [&hellip;]<\/p>\n","protected":false},"author":1,"featured_media":0,"parent":0,"menu_order":0,"comment_status":"closed","ping_status":"closed","template":"","meta":{"_monsterinsights_skip_tracking":false,"_monsterinsights_sitenote_active":false,"_monsterinsights_sitenote_note":"","_monsterinsights_sitenote_category":0,"footnotes":""},"class_list":["post-234","page","type-page","status-publish","hentry"],"aioseo_notices":[],"_links":{"self":[{"href":"https:\/\/istevl.com\/index.php?rest_route=\/wp\/v2\/pages\/234","targetHints":{"allow":["GET"]}}],"collection":[{"href":"https:\/\/istevl.com\/index.php?rest_route=\/wp\/v2\/pages"}],"about":[{"href":"https:\/\/istevl.com\/index.php?rest_route=\/wp\/v2\/types\/page"}],"author":[{"embeddable":true,"href":"https:\/\/istevl.com\/index.php?rest_route=\/wp\/v2\/users\/1"}],"replies":[{"embeddable":true,"href":"https:\/\/istevl.com\/index.php?rest_route=%2Fwp%2Fv2%2Fcomments&post=234"}],"version-history":[{"count":10,"href":"https:\/\/istevl.com\/index.php?rest_route=\/wp\/v2\/pages\/234\/revisions"}],"predecessor-version":[{"id":1356,"href":"https:\/\/istevl.com\/index.php?rest_route=\/wp\/v2\/pages\/234\/revisions\/1356"}],"wp:attachment":[{"href":"https:\/\/istevl.com\/index.php?rest_route=%2Fwp%2Fv2%2Fmedia&parent=234"}],"curies":[{"name":"wp","href":"https:\/\/api.w.org\/{rel}","templated":true}]}}