{"id":20,"date":"2024-04-03T13:44:28","date_gmt":"2024-04-03T10:44:28","guid":{"rendered":"https:\/\/istevl.com\/?page_id=20"},"modified":"2025-01-07T21:26:02","modified_gmt":"2025-01-07T18:26:02","slug":"hakkinda","status":"publish","type":"page","link":"https:\/\/istevl.com\/?page_id=20","title":{"rendered":"Hakk\u0131m\u0131zda"},"content":{"rendered":"\t\t<div data-elementor-type=\"wp-page\" data-elementor-id=\"20\" class=\"elementor elementor-20\">\n\t\t\t\t<div class=\"elementor-element elementor-element-be89dbf e-flex e-con-boxed e-con e-parent\" data-id=\"be89dbf\" data-element_type=\"container\" data-e-type=\"container\">\n\t\t\t\t\t<div class=\"e-con-inner\">\n\t\t\t\t\t<\/div>\n\t\t\t\t<\/div>\n\t\t<div class=\"elementor-element elementor-element-b6f37d2 e-flex e-con-boxed e-con e-parent\" data-id=\"b6f37d2\" data-element_type=\"container\" data-e-type=\"container\">\n\t\t\t\t\t<div class=\"e-con-inner\">\n\t\t<div class=\"elementor-element elementor-element-3b283c6 e-con-full e-flex e-con e-child\" data-id=\"3b283c6\" data-element_type=\"container\" data-e-type=\"container\">\n\t\t\t\t<div class=\"elementor-element elementor-element-f6c3302 elementor-widget elementor-widget-image\" data-id=\"f6c3302\" data-element_type=\"widget\" data-e-type=\"widget\" data-widget_type=\"image.default\">\n\t\t\t\t<div class=\"elementor-widget-container\">\n\t\t\t\t\t\t\t\t\t\t\t\t\t\t\t<img decoding=\"async\" src=\"https:\/\/istevl.com\/wp-content\/uploads\/2024\/12\/360_F_711815167_92IhuXuKW0nHJzLGngizrCYOegJY1g1Y.jpg\" title=\"360_F_711815167_92IhuXuKW0nHJzLGngizrCYOegJY1g1Y\" alt=\"360_F_711815167_92IhuXuKW0nHJzLGngizrCYOegJY1g1Y\" loading=\"lazy\" \/>\t\t\t\t\t\t\t\t\t\t\t\t\t\t\t<\/div>\n\t\t\t\t<\/div>\n\t\t\t\t<\/div>\n\t\t<div class=\"elementor-element elementor-element-ca2f8e8 e-con-full e-flex e-con e-child\" data-id=\"ca2f8e8\" data-element_type=\"container\" data-e-type=\"container\">\n\t\t\t\t<div class=\"elementor-element elementor-element-227bdce elementor-widget elementor-widget-text-editor\" data-id=\"227bdce\" data-element_type=\"widget\" data-e-type=\"widget\" data-widget_type=\"text-editor.default\">\n\t\t\t\t<div class=\"elementor-widget-container\">\n\t\t\t\t\t\t\t\t\t<p>1998 y\u0131l\u0131nda geleneksel tar\u0131mdan modern tar\u0131ma ge\u00e7i\u015fi sa\u011flamak i\u00e7in tar\u0131mda m\u00fchendislik hizmeti sunmak amac\u0131yla <a href=\"https:\/\/hakaytarim.com\/\" target=\"_blank\" rel=\"noopener\">Hakay Tar\u0131m<\/a> Ltd. \u015eti. kurulmu\u015ftur. K\u00fcresel d\u00fczeyde meydana gelen geli\u015fmeler neticesinde artan g\u0131da talebi, mevcut tar\u0131m alanlar\u0131n\u0131n verimli kullan\u0131lmamas\u0131, tar\u0131mda sanayile\u015fme, artan enerji maliyetleri ve kirlilik gibi sebeplerden dolay\u0131, 2023 y\u0131l\u0131nda al\u0131nan bir kararla enerji, tar\u0131m ve bak\u0131m-onar\u0131m alanlar\u0131nda yeni m\u00fchendislik faaliyetleri ger\u00e7ekle\u015ftirecek olan \u0130stevl M\u00fchendislik Ltd. \u015eti. kurulmu\u015ftur.<\/p><p>2006 y\u0131l\u0131ndan beri m\u00fchendislik alanlar\u0131nda, elektrik, mekanik, in\u015faat altyap\u0131s\u0131, otomasyon ve yenilenebilir enerji kaynaklar\u0131 alan\u0131nda \u00e7al\u0131\u015fan uzman kadromuzla, <a href=\"https:\/\/hakaytarim.com\/\" target=\"_blank\" rel=\"noopener\">Hakay Tar\u0131m<\/a> Ltd. \u015eti.&#8217;deki tecr\u00fcbeli m\u00fchendis kadrosuyla birlikte hizmet vermekteyiz. Ulusal ve uluslararas\u0131 d\u00fczeyde end\u00fcstri, tar\u0131m ve in\u015faat alan\u0131nda verimlili\u011fi y\u00fcksek, kendi kendine yetebilen projeler \u00fczerine yo\u011funla\u015fmaktay\u0131z. \u00d6zellikle sanayi ve tar\u0131mda yenilenebilir kaynaklar\u0131n artmas\u0131 i\u00e7in bilgi ve tecr\u00fcbelerimizi s\u00fcrekli yenileyerek \u00e7al\u0131\u015fmalar\u0131m\u0131z\u0131 s\u00fcrd\u00fcrmekteyiz. Firmam\u0131z\u0131n planlama s\u00fcrecinde, tar\u0131mda dijitalle\u015fme, ye\u015fil hidrojen \u00fcretimi ve enerji \u00e7iftliklerinin kurulumu gibi projelere var g\u00fcc\u00fcm\u00fczle katk\u0131 sa\u011flamaya \u00e7al\u0131\u015fmaktay\u0131z.<\/p><p>Projelerinize katk\u0131 sunmak ve farkl\u0131 fikirleri bizimle payla\u015fmak i\u00e7in l\u00fctfen bizimle ileti\u015fime ge\u00e7in.<\/p>\t\t\t\t\t\t\t\t<\/div>\n\t\t\t\t<\/div>\n\t\t\t\t<\/div>\n\t\t\t\t\t<\/div>\n\t\t\t\t<\/div>\n\t\t<div class=\"elementor-element elementor-element-123c3dc e-flex e-con-boxed e-con e-parent\" data-id=\"123c3dc\" data-element_type=\"container\" data-e-type=\"container\">\n\t\t\t\t\t<div class=\"e-con-inner\">\n\t\t\t\t\t<\/div>\n\t\t\t\t<\/div>\n\t\t\t\t<\/div>\n\t\t","protected":false},"excerpt":{"rendered":"<p>1998 y\u0131l\u0131nda geleneksel tar\u0131mdan modern tar\u0131ma ge\u00e7i\u015fi sa\u011flamak i\u00e7in tar\u0131mda m\u00fchendislik hizmeti sunmak amac\u0131yla Hakay Tar\u0131m Ltd. \u015eti. kurulmu\u015ftur. K\u00fcresel d\u00fczeyde meydana gelen geli\u015fmeler neticesinde artan g\u0131da talebi, mevcut tar\u0131m alanlar\u0131n\u0131n verimli kullan\u0131lmamas\u0131, tar\u0131mda sanayile\u015fme, artan enerji maliyetleri ve kirlilik gibi sebeplerden dolay\u0131, 2023 y\u0131l\u0131nda al\u0131nan bir kararla enerji, tar\u0131m ve bak\u0131m-onar\u0131m alanlar\u0131nda yeni m\u00fchendislik [&hellip;]<\/p>\n","protected":false},"author":1,"featured_media":0,"parent":0,"menu_order":0,"comment_status":"closed","ping_status":"closed","template":"","meta":{"_monsterinsights_skip_tracking":false,"_monsterinsights_sitenote_active":false,"_monsterinsights_sitenote_note":"","_monsterinsights_sitenote_category":0,"footnotes":""},"class_list":["post-20","page","type-page","status-publish","hentry"],"aioseo_notices":[],"_links":{"self":[{"href":"https:\/\/istevl.com\/index.php?rest_route=\/wp\/v2\/pages\/20","targetHints":{"allow":["GET"]}}],"collection":[{"href":"https:\/\/istevl.com\/index.php?rest_route=\/wp\/v2\/pages"}],"about":[{"href":"https:\/\/istevl.com\/index.php?rest_route=\/wp\/v2\/types\/page"}],"author":[{"embeddable":true,"href":"https:\/\/istevl.com\/index.php?rest_route=\/wp\/v2\/users\/1"}],"replies":[{"embeddable":true,"href":"https:\/\/istevl.com\/index.php?rest_route=%2Fwp%2Fv2%2Fcomments&post=20"}],"version-history":[{"count":38,"href":"https:\/\/istevl.com\/index.php?rest_route=\/wp\/v2\/pages\/20\/revisions"}],"predecessor-version":[{"id":1341,"href":"https:\/\/istevl.com\/index.php?rest_route=\/wp\/v2\/pages\/20\/revisions\/1341"}],"wp:attachment":[{"href":"https:\/\/istevl.com\/index.php?rest_route=%2Fwp%2Fv2%2Fmedia&parent=20"}],"curies":[{"name":"wp","href":"https:\/\/api.w.org\/{rel}","templated":true}]}}