{"id":137,"date":"2024-12-05T13:31:29","date_gmt":"2024-12-05T10:31:29","guid":{"rendered":"https:\/\/istevl.com\/?page_id=137"},"modified":"2025-01-07T21:39:31","modified_gmt":"2025-01-07T18:39:31","slug":"senkronizasyon","status":"publish","type":"page","link":"https:\/\/istevl.com\/?page_id=137","title":{"rendered":"Senkronizasyon"},"content":{"rendered":"\t\t<div data-elementor-type=\"wp-page\" data-elementor-id=\"137\" class=\"elementor elementor-137\">\n\t\t\t\t<div class=\"elementor-element elementor-element-201c510 e-flex e-con-boxed e-con e-parent\" data-id=\"201c510\" data-element_type=\"container\" data-e-type=\"container\">\n\t\t\t\t\t<div class=\"e-con-inner\">\n\t\t\t\t\t<\/div>\n\t\t\t\t<\/div>\n\t\t<div class=\"elementor-element elementor-element-deb739e e-flex e-con-boxed e-con e-parent\" data-id=\"deb739e\" data-element_type=\"container\" data-e-type=\"container\">\n\t\t\t\t\t<div class=\"e-con-inner\">\n\t\t<div class=\"elementor-element elementor-element-7146c14 e-con-full e-flex e-con e-child\" data-id=\"7146c14\" data-element_type=\"container\" data-e-type=\"container\">\n\t\t\t\t<div class=\"elementor-element elementor-element-b5db3ad elementor-widget elementor-widget-image\" data-id=\"b5db3ad\" data-element_type=\"widget\" data-e-type=\"widget\" data-widget_type=\"image.default\">\n\t\t\t\t<div class=\"elementor-widget-container\">\n\t\t\t\t\t\t\t\t\t\t\t\t\t\t\t<img fetchpriority=\"high\" decoding=\"async\" width=\"512\" height=\"271\" src=\"https:\/\/istevl.com\/wp-content\/uploads\/2024\/12\/unnamed.png\" class=\"attachment-large size-large wp-image-223\" alt=\"\" srcset=\"https:\/\/istevl.com\/wp-content\/uploads\/2024\/12\/unnamed.png 512w, https:\/\/istevl.com\/wp-content\/uploads\/2024\/12\/unnamed-300x159.png 300w\" sizes=\"(max-width: 512px) 100vw, 512px\" \/>\t\t\t\t\t\t\t\t\t\t\t\t\t\t\t<\/div>\n\t\t\t\t<\/div>\n\t\t\t\t<\/div>\n\t\t<div class=\"elementor-element elementor-element-4cdb09c e-con-full e-flex e-con e-child\" data-id=\"4cdb09c\" data-element_type=\"container\" data-e-type=\"container\">\n\t\t\t\t<div class=\"elementor-element elementor-element-d980974 elementor-widget elementor-widget-text-editor\" data-id=\"d980974\" data-element_type=\"widget\" data-e-type=\"widget\" data-widget_type=\"text-editor.default\">\n\t\t\t\t<div class=\"elementor-widget-container\">\n\t\t\t\t\t\t\t\t\t<p><strong>Senkronizasyon<\/strong><\/p><p>Jenerat\u00f6r-jenerat\u00f6r ve jenerat\u00f6r-\u015febeke senkronizasyonu, elektrik g\u00fc\u00e7 sistemlerinde jenerat\u00f6rlerin ve elektrik \u015febekelerinin birlikte \u00e7al\u0131\u015fmas\u0131n\u0131 ve enerjinin d\u00fczg\u00fcn bir \u015fekilde payla\u015f\u0131lmas\u0131n\u0131 sa\u011flamak i\u00e7in hayati \u00f6nem ta\u015f\u0131r. Bu senkronizasyon t\u00fcrleri, enerji sistemlerinin g\u00fcvenli, kararl\u0131 ve verimli bir \u015fekilde \u00e7al\u0131\u015fmas\u0131n\u0131 temin eder.<\/p>\t\t\t\t\t\t\t\t<\/div>\n\t\t\t\t<\/div>\n\t\t\t\t<\/div>\n\t\t\t\t\t<\/div>\n\t\t\t\t<\/div>\n\t\t<div class=\"elementor-element elementor-element-5739ed8 e-flex e-con-boxed e-con e-parent\" data-id=\"5739ed8\" data-element_type=\"container\" data-e-type=\"container\">\n\t\t\t\t\t<div class=\"e-con-inner\">\n\t\t\t\t\t<\/div>\n\t\t\t\t<\/div>\n\t\t<div class=\"elementor-element elementor-element-4ecdbc4 e-flex e-con-boxed e-con e-parent\" data-id=\"4ecdbc4\" data-element_type=\"container\" data-e-type=\"container\">\n\t\t\t\t\t<div class=\"e-con-inner\">\n\t\t\t\t<div class=\"elementor-element elementor-element-131821a elementor-widget elementor-widget-text-editor\" data-id=\"131821a\" data-element_type=\"widget\" data-e-type=\"widget\" data-widget_type=\"text-editor.default\">\n\t\t\t\t<div class=\"elementor-widget-container\">\n\t\t\t\t\t\t\t\t\t<h5>Jenerat\u00f6r-Jenerat\u00f6r Senkronizasyonu<\/h5><p>Jenerat\u00f6r-jenerat\u00f6r senkronizasyonu, iki veya daha fazla jenerat\u00f6r\u00fcn ayn\u0131 elektrik \u015febekesine veya y\u00fck sistemine ba\u011flanmadan \u00f6nce uyumlu hale getirilmesi s\u00fcrecidir. Bu senkronizasyon, a\u015fa\u011f\u0131daki ad\u0131mlar\u0131 i\u00e7erir:<\/p><ol start=\"1\"><li><p><strong>Frekans E\u015fitleme:<\/strong> Jenerat\u00f6rlerin \u00e7\u0131k\u0131\u015f frekanslar\u0131 birbirine e\u015fit hale getirilir. Bu, jenerat\u00f6rlerin \u015febekeye kat\u0131ld\u0131\u011f\u0131nda g\u00fc\u00e7 ak\u0131\u015f\u0131n\u0131n d\u00fczg\u00fcn ve uyumlu olmas\u0131n\u0131 sa\u011flar.<\/p><\/li><li><p><strong>Gerilim Ayar\u0131:<\/strong> Jenerat\u00f6rlerin \u00e7\u0131k\u0131\u015f gerilimleri, \u015febeke veya di\u011fer jenerat\u00f6rlerin gerilimiyle ayn\u0131 seviyeye getirilir.<\/p><\/li><li><p><strong>Faz Senkronizasyonu:<\/strong> Jenerat\u00f6rlerin faz a\u00e7\u0131lar\u0131n\u0131n uyumlu hale getirilmesi gereklidir. Faz fark\u0131 s\u0131f\u0131rlanmal\u0131 ve jenerat\u00f6rlerin fazlar\u0131 ayn\u0131 olmal\u0131d\u0131r.<\/p><\/li><li><p><strong>Senkronizasyon Cihazlar\u0131:<\/strong> Otomatik senkronizasyon sistemleri kullan\u0131larak, jenerat\u00f6rlerin senkronizasyonu h\u0131zla ve hassas bir \u015fekilde ger\u00e7ekle\u015ftirilir. Bu cihazlar, senkronizasyon \u00f6ncesinde ve s\u0131ras\u0131nda frekans, gerilim ve faz a\u00e7\u0131s\u0131n\u0131 izler.<\/p><\/li><\/ol><h5>Jenerat\u00f6r-\u015eebeke Senkronizasyonu<\/h5><p>Jenerat\u00f6r-\u015febeke senkronizasyonu, bir jenerat\u00f6r\u00fcn elektrik \u015febekesine paralel olarak ba\u011flanmas\u0131n\u0131 sa\u011flar. Bu, \u00f6zellikle ba\u011f\u0131ms\u0131z enerji kaynaklar\u0131ndan gelen elektrik enerjisinin ana enerji \u015febekesine entegre edilmesi i\u00e7in \u00f6nemlidir. Senkronizasyon s\u00fcreci, a\u015fa\u011f\u0131daki ad\u0131mlar\u0131 i\u00e7erir:<\/p><ol start=\"1\"><li><p><strong>Frekans Senkronizasyonu:<\/strong> Jenerat\u00f6r\u00fcn \u00e7\u0131k\u0131\u015f frekans\u0131, \u015febekenin frekans\u0131na uyumlu hale getirilir. \u015eebekeye ba\u011flanan jenerat\u00f6rlerin frekans\u0131, genellikle 50 Hz veya 60 Hz gibi standart \u015febeke frekans\u0131na uygun olmal\u0131d\u0131r.<\/p><\/li><li><p><strong>Gerilim Senkronizasyonu:<\/strong> Jenerat\u00f6r\u00fcn \u00e7\u0131k\u0131\u015f gerilimi, \u015febekedeki gerilim ile e\u015fitlenir. Gerilim fark\u0131 \u00e7ok b\u00fcy\u00fckse, jenerat\u00f6r\u00fcn \u015febekeye ba\u011flanmas\u0131 zorla\u015f\u0131r ve hasar riski artar.<\/p><\/li><li><p><strong>Faz Senkronizasyonu:<\/strong> Jenerat\u00f6r\u00fcn faz a\u00e7\u0131s\u0131, \u015febeke faz\u0131yla ayn\u0131 olmal\u0131d\u0131r. Bu, jenerat\u00f6r\u00fcn ve \u015febekenin senkronize olmas\u0131n\u0131 ve birlikte \u00e7al\u0131\u015fmas\u0131n\u0131 sa\u011flar.<\/p><\/li><li><p><strong>Otomatik Senkronizasyon Sistemleri:<\/strong> Otomatik senkronizasyon cihazlar\u0131 kullan\u0131larak bu i\u015flemler h\u0131zl\u0131 ve hassas bir \u015fekilde ger\u00e7ekle\u015ftirilir. Bu sistemler, senkronizasyonu kontrol eder, hata durumlar\u0131n\u0131 \u00f6nler ve g\u00fcvenli bir ba\u011flanma s\u00fcreci sa\u011flar.<\/p><\/li><\/ol><h5>Elektrik Senkronizasyonunun Uygulama Alanlar\u0131<\/h5><ul><li><p><strong>Enerji Santralleri:<\/strong> Birden fazla jenerat\u00f6r\u00fcn paralel \u00e7al\u0131\u015ft\u0131r\u0131ld\u0131\u011f\u0131 enerji santrallerinde jenerat\u00f6r-jenerat\u00f6r senkronizasyonu \u00f6nemlidir.<\/p><\/li><li><p><strong>Acil Durum G\u00fc\u00e7 Kaynaklar\u0131:<\/strong> Jenerat\u00f6rlerin ana \u015febekeye ba\u011fland\u0131\u011f\u0131 durumlarda jenerat\u00f6r-\u015febeke senkronizasyonu gereklidir.<\/p><\/li><li><p><strong>End\u00fcstriyel Tesisler:<\/strong> B\u00fcy\u00fck end\u00fcstriyel tesislerde, yedek jenerat\u00f6rlerin \u015febekeye entegre edilmesi i\u00e7in bu t\u00fcr senkronizasyonlar kullan\u0131l\u0131r.<\/p><\/li><\/ul><p>Jenerat\u00f6r-jenerat\u00f6r ve jenerat\u00f6r-\u015febeke senkronizasyonu, elektrik sistemlerinin g\u00fcvenli ve verimli bir \u015fekilde \u00e7al\u0131\u015fmas\u0131n\u0131 sa\u011flar. Bu s\u00fcre\u00e7, do\u011fru kontrol ve izleme sistemleri ile ger\u00e7ekle\u015ftirilir ve enerji santralleri, end\u00fcstriyel tesisler ve acil durum enerji kaynaklar\u0131 gibi farkl\u0131 alanlarda kritik \u00f6neme sahiptir.<\/p><div>\u00a0<\/div><h4>Trafo Paralelleme<\/h4><p>Trafo paralelleme, iki veya daha fazla transformat\u00f6r\u00fcn ayn\u0131 \u015febekeye birlikte ba\u011flanarak enerji transferini payla\u015fmas\u0131n\u0131 sa\u011flayan bir i\u015flemdir. Bu y\u00f6ntem, enerji talebinin artt\u0131\u011f\u0131 durumlarda y\u00fck payla\u015f\u0131m\u0131 yaparak kapasiteyi art\u0131r\u0131r ve sistemin esnekli\u011fini sa\u011flar.<\/p><p>Trafolar\u0131n paralel \u00e7al\u0131\u015fabilmesi i\u00e7in \u015fu ko\u015fullar\u0131n sa\u011flanmas\u0131 gerekir:<\/p><ol start=\"1\"><li><p><strong>Gerilim Oranlar\u0131n\u0131n Ayn\u0131 Olmas\u0131:<\/strong> Primer ve sekonder gerilim oranlar\u0131 birbirine e\u015fit olmal\u0131d\u0131r.<\/p><\/li><li><p><strong>Faz S\u0131ras\u0131 Uyumu:<\/strong> Trafolar\u0131n faz s\u0131ralar\u0131 ayn\u0131 olmal\u0131 ve faz kaymas\u0131 olmamal\u0131d\u0131r.<\/p><\/li><li><p><strong>K\u0131sa Devre Empedanslar\u0131:<\/strong> Y\u00fczde olarak empedans de\u011ferleri yak\u0131n olmal\u0131d\u0131r, aksi halde y\u00fck da\u011f\u0131l\u0131m\u0131 dengesiz olur.<\/p><\/li><li><p><strong>G\u00fc\u00e7 Kapasitesi Oran\u0131:<\/strong> Trafolar, g\u00fc\u00e7 kapasitelerine uygun bir \u015fekilde y\u00fck payla\u015f\u0131m\u0131 yapmal\u0131d\u0131r.<\/p><\/li><\/ol><p>Paralel ba\u011flant\u0131, g\u00fc\u00e7 kay\u0131plar\u0131n\u0131 azalt\u0131r, enerji arz\u0131n\u0131 s\u00fcreklile\u015ftirir ve sistem g\u00fcvenilirli\u011fini art\u0131r\u0131r.<\/p>\t\t\t\t\t\t\t\t<\/div>\n\t\t\t\t<\/div>\n\t\t\t\t\t<\/div>\n\t\t\t\t<\/div>\n\t\t<div class=\"elementor-element elementor-element-fdab54c e-flex e-con-boxed e-con e-parent\" data-id=\"fdab54c\" data-element_type=\"container\" data-e-type=\"container\">\n\t\t\t\t\t<div class=\"e-con-inner\">\n\t\t\t\t\t<\/div>\n\t\t\t\t<\/div>\n\t\t\t\t<\/div>\n\t\t","protected":false},"excerpt":{"rendered":"<p>Senkronizasyon Jenerat\u00f6r-jenerat\u00f6r ve jenerat\u00f6r-\u015febeke senkronizasyonu, elektrik g\u00fc\u00e7 sistemlerinde jenerat\u00f6rlerin ve elektrik \u015febekelerinin birlikte \u00e7al\u0131\u015fmas\u0131n\u0131 ve enerjinin d\u00fczg\u00fcn bir \u015fekilde payla\u015f\u0131lmas\u0131n\u0131 sa\u011flamak i\u00e7in hayati \u00f6nem ta\u015f\u0131r. Bu senkronizasyon t\u00fcrleri, enerji sistemlerinin g\u00fcvenli, kararl\u0131 ve verimli bir \u015fekilde \u00e7al\u0131\u015fmas\u0131n\u0131 temin eder. Jenerat\u00f6r-Jenerat\u00f6r Senkronizasyonu Jenerat\u00f6r-jenerat\u00f6r senkronizasyonu, iki veya daha fazla jenerat\u00f6r\u00fcn ayn\u0131 elektrik \u015febekesine veya y\u00fck sistemine ba\u011flanmadan [&hellip;]<\/p>\n","protected":false},"author":1,"featured_media":0,"parent":0,"menu_order":0,"comment_status":"closed","ping_status":"closed","template":"","meta":{"_monsterinsights_skip_tracking":false,"_monsterinsights_sitenote_active":false,"_monsterinsights_sitenote_note":"","_monsterinsights_sitenote_category":0,"footnotes":""},"class_list":["post-137","page","type-page","status-publish","hentry"],"aioseo_notices":[],"_links":{"self":[{"href":"https:\/\/istevl.com\/index.php?rest_route=\/wp\/v2\/pages\/137","targetHints":{"allow":["GET"]}}],"collection":[{"href":"https:\/\/istevl.com\/index.php?rest_route=\/wp\/v2\/pages"}],"about":[{"href":"https:\/\/istevl.com\/index.php?rest_route=\/wp\/v2\/types\/page"}],"author":[{"embeddable":true,"href":"https:\/\/istevl.com\/index.php?rest_route=\/wp\/v2\/users\/1"}],"replies":[{"embeddable":true,"href":"https:\/\/istevl.com\/index.php?rest_route=%2Fwp%2Fv2%2Fcomments&post=137"}],"version-history":[{"count":16,"href":"https:\/\/istevl.com\/index.php?rest_route=\/wp\/v2\/pages\/137\/revisions"}],"predecessor-version":[{"id":1359,"href":"https:\/\/istevl.com\/index.php?rest_route=\/wp\/v2\/pages\/137\/revisions\/1359"}],"wp:attachment":[{"href":"https:\/\/istevl.com\/index.php?rest_route=%2Fwp%2Fv2%2Fmedia&parent=137"}],"curies":[{"name":"wp","href":"https:\/\/api.w.org\/{rel}","templated":true}]}}