{"id":126,"date":"2024-12-05T12:33:06","date_gmt":"2024-12-05T09:33:06","guid":{"rendered":"https:\/\/istevl.com\/?page_id=126"},"modified":"2024-12-16T19:57:12","modified_gmt":"2024-12-16T16:57:12","slug":"hizmetlerimiz","status":"publish","type":"page","link":"https:\/\/istevl.com\/?page_id=126","title":{"rendered":"Hizmetlerimiz"},"content":{"rendered":"\t\t<div data-elementor-type=\"wp-page\" data-elementor-id=\"126\" class=\"elementor elementor-126\">\n\t\t\t\t<div class=\"elementor-element elementor-element-f03b144 e-grid e-con-boxed e-con e-parent\" data-id=\"f03b144\" data-element_type=\"container\" data-e-type=\"container\">\n\t\t\t\t\t<div class=\"e-con-inner\">\n\t\t\t\t<div class=\"elementor-element elementor-element-81e2cd8 elementor-widget elementor-widget-image\" data-id=\"81e2cd8\" data-element_type=\"widget\" data-e-type=\"widget\" data-widget_type=\"image.default\">\n\t\t\t\t<div class=\"elementor-widget-container\">\n\t\t\t\t\t\t\t\t\t\t\t\t<figure class=\"wp-caption\">\n\t\t\t\t\t\t\t\t\t\t\t<a href=\"https:\/\/istevl.com\/?page_id=228\">\n\t\t\t\t\t\t\t<img fetchpriority=\"high\" decoding=\"async\" width=\"768\" height=\"439\" src=\"https:\/\/istevl.com\/wp-content\/uploads\/2024\/12\/The-Future-of-Renewable-Energy-Sources.png\" class=\"attachment-medium_large size-medium_large wp-image-648\" alt=\"\" \/>\t\t\t\t\t\t\t\t<\/a>\n\t\t\t\t\t\t\t\t\t\t\t<figcaption class=\"widget-image-caption wp-caption-text\">Yenilenebilir Enerji<\/figcaption>\n\t\t\t\t\t\t\t\t\t\t<\/figure>\n\t\t\t\t\t\t\t\t\t<\/div>\n\t\t\t\t<\/div>\n\t\t\t\t<div class=\"elementor-element elementor-element-5c33e61 elementor-widget elementor-widget-image\" data-id=\"5c33e61\" data-element_type=\"widget\" data-e-type=\"widget\" data-widget_type=\"image.default\">\n\t\t\t\t<div class=\"elementor-widget-container\">\n\t\t\t\t\t\t\t\t\t\t\t\t<figure class=\"wp-caption\">\n\t\t\t\t\t\t\t\t\t\t\t<a href=\"https:\/\/istevl.com\/?page_id=139\">\n\t\t\t\t\t\t\t<img decoding=\"async\" width=\"800\" height=\"444\" src=\"https:\/\/istevl.com\/wp-content\/uploads\/2024\/12\/images-3-1-1.jpg\" class=\"attachment-large size-large wp-image-412\" alt=\"\" srcset=\"https:\/\/istevl.com\/wp-content\/uploads\/2024\/12\/images-3-1-1.jpg 1000w, https:\/\/istevl.com\/wp-content\/uploads\/2024\/12\/images-3-1-1-300x167.jpg 300w, https:\/\/istevl.com\/wp-content\/uploads\/2024\/12\/images-3-1-1-768x426.jpg 768w\" sizes=\"(max-width: 800px) 100vw, 800px\" \/>\t\t\t\t\t\t\t\t<\/a>\n\t\t\t\t\t\t\t\t\t\t\t<figcaption class=\"widget-image-caption wp-caption-text\">Otomasyon<\/figcaption>\n\t\t\t\t\t\t\t\t\t\t<\/figure>\n\t\t\t\t\t\t\t\t\t<\/div>\n\t\t\t\t<\/div>\n\t\t\t\t<div class=\"elementor-element elementor-element-d54114b elementor-widget elementor-widget-image\" data-id=\"d54114b\" data-element_type=\"widget\" data-e-type=\"widget\" data-widget_type=\"image.default\">\n\t\t\t\t<div class=\"elementor-widget-container\">\n\t\t\t\t\t\t\t\t\t\t\t\t<figure class=\"wp-caption\">\n\t\t\t\t\t\t\t\t\t\t\t<a href=\"https:\/\/istevl.com\/?page_id=322\">\n\t\t\t\t\t\t\t<img decoding=\"async\" width=\"768\" height=\"516\" src=\"https:\/\/istevl.com\/wp-content\/uploads\/2024\/12\/APC_0465-2-web-768x516.jpg\" class=\"attachment-medium_large size-medium_large wp-image-335\" alt=\"\" srcset=\"https:\/\/istevl.com\/wp-content\/uploads\/2024\/12\/APC_0465-2-web-768x516.jpg 768w, https:\/\/istevl.com\/wp-content\/uploads\/2024\/12\/APC_0465-2-web-300x201.jpg 300w, https:\/\/istevl.com\/wp-content\/uploads\/2024\/12\/APC_0465-2-web-1024x688.jpg 1024w, https:\/\/istevl.com\/wp-content\/uploads\/2024\/12\/APC_0465-2-web.jpg 1209w\" sizes=\"(max-width: 768px) 100vw, 768px\" \/>\t\t\t\t\t\t\t\t<\/a>\n\t\t\t\t\t\t\t\t\t\t\t<figcaption class=\"widget-image-caption wp-caption-text\">Elektrik Pano<\/figcaption>\n\t\t\t\t\t\t\t\t\t\t<\/figure>\n\t\t\t\t\t\t\t\t\t<\/div>\n\t\t\t\t<\/div>\n\t\t\t\t\t<\/div>\n\t\t\t\t<\/div>\n\t\t<div class=\"elementor-element elementor-element-36ee7de e-flex e-con-boxed e-con e-parent\" data-id=\"36ee7de\" data-element_type=\"container\" data-e-type=\"container\">\n\t\t\t\t\t<div class=\"e-con-inner\">\n\t\t\t\t\t<\/div>\n\t\t\t\t<\/div>\n\t\t<div class=\"elementor-element elementor-element-0ab5a11 e-grid e-con-boxed e-con e-parent\" data-id=\"0ab5a11\" data-element_type=\"container\" data-e-type=\"container\">\n\t\t\t\t\t<div class=\"e-con-inner\">\n\t\t\t\t<div class=\"elementor-element elementor-element-044aa5a elementor-widget elementor-widget-image\" data-id=\"044aa5a\" data-element_type=\"widget\" data-e-type=\"widget\" data-widget_type=\"image.default\">\n\t\t\t\t<div class=\"elementor-widget-container\">\n\t\t\t\t\t\t\t\t\t\t\t\t<figure class=\"wp-caption\">\n\t\t\t\t\t\t\t\t\t\t\t<a href=\"https:\/\/istevl.com\/?page_id=320\">\n\t\t\t\t\t\t\t<img loading=\"lazy\" decoding=\"async\" width=\"800\" height=\"450\" src=\"https:\/\/istevl.com\/wp-content\/uploads\/2024\/12\/Vixxo-Facilities-Management-HVAC-1151366143-1400-1024x576.webp\" class=\"attachment-large size-large wp-image-649\" alt=\"\" srcset=\"https:\/\/istevl.com\/wp-content\/uploads\/2024\/12\/Vixxo-Facilities-Management-HVAC-1151366143-1400-1024x576.webp 1024w, https:\/\/istevl.com\/wp-content\/uploads\/2024\/12\/Vixxo-Facilities-Management-HVAC-1151366143-1400-300x169.webp 300w, https:\/\/istevl.com\/wp-content\/uploads\/2024\/12\/Vixxo-Facilities-Management-HVAC-1151366143-1400-768x432.webp 768w, https:\/\/istevl.com\/wp-content\/uploads\/2024\/12\/Vixxo-Facilities-Management-HVAC-1151366143-1400.webp 1400w\" sizes=\"(max-width: 800px) 100vw, 800px\" \/>\t\t\t\t\t\t\t\t<\/a>\n\t\t\t\t\t\t\t\t\t\t\t<figcaption class=\"widget-image-caption wp-caption-text\">Bak\u0131m Onar\u0131m ve \u0130\u015fletme<\/figcaption>\n\t\t\t\t\t\t\t\t\t\t<\/figure>\n\t\t\t\t\t\t\t\t\t<\/div>\n\t\t\t\t<\/div>\n\t\t\t\t<div class=\"elementor-element elementor-element-3e13561 elementor-widget elementor-widget-image\" data-id=\"3e13561\" data-element_type=\"widget\" data-e-type=\"widget\" data-widget_type=\"image.default\">\n\t\t\t\t<div class=\"elementor-widget-container\">\n\t\t\t\t\t\t\t\t\t\t\t\t<figure class=\"wp-caption\">\n\t\t\t\t\t\t\t\t\t\t\t<a href=\"https:\/\/istevl.com\/?page_id=305\">\n\t\t\t\t\t\t\t<img loading=\"lazy\" decoding=\"async\" width=\"768\" height=\"492\" src=\"https:\/\/istevl.com\/wp-content\/uploads\/2024\/12\/green-jobs-scaled-1-768x492.jpg\" class=\"attachment-medium_large size-medium_large wp-image-446\" alt=\"\" srcset=\"https:\/\/istevl.com\/wp-content\/uploads\/2024\/12\/green-jobs-scaled-1-768x492.jpg 768w, https:\/\/istevl.com\/wp-content\/uploads\/2024\/12\/green-jobs-scaled-1-300x192.jpg 300w, https:\/\/istevl.com\/wp-content\/uploads\/2024\/12\/green-jobs-scaled-1-1024x656.jpg 1024w, https:\/\/istevl.com\/wp-content\/uploads\/2024\/12\/green-jobs-scaled-1-1536x983.jpg 1536w, https:\/\/istevl.com\/wp-content\/uploads\/2024\/12\/green-jobs-scaled-1.jpg 1687w\" sizes=\"(max-width: 768px) 100vw, 768px\" \/>\t\t\t\t\t\t\t\t<\/a>\n\t\t\t\t\t\t\t\t\t\t\t<figcaption class=\"widget-image-caption wp-caption-text\">Proje ve Taahh\u00fct<\/figcaption>\n\t\t\t\t\t\t\t\t\t\t<\/figure>\n\t\t\t\t\t\t\t\t\t<\/div>\n\t\t\t\t<\/div>\n\t\t\t\t<div class=\"elementor-element elementor-element-2d6d3c5 elementor-widget elementor-widget-image\" data-id=\"2d6d3c5\" data-element_type=\"widget\" data-e-type=\"widget\" data-widget_type=\"image.default\">\n\t\t\t\t<div class=\"elementor-widget-container\">\n\t\t\t\t\t\t\t\t\t\t\t\t<figure class=\"wp-caption\">\n\t\t\t\t\t\t\t\t\t\t\t<a href=\"https:\/\/istevl.com\/?page_id=358\">\n\t\t\t\t\t\t\t<img loading=\"lazy\" decoding=\"async\" width=\"800\" height=\"450\" src=\"https:\/\/istevl.com\/wp-content\/uploads\/2024\/12\/0x0.webp\" class=\"attachment-large size-large wp-image-478\" alt=\"\" srcset=\"https:\/\/istevl.com\/wp-content\/uploads\/2024\/12\/0x0.webp 960w, https:\/\/istevl.com\/wp-content\/uploads\/2024\/12\/0x0-300x169.webp 300w, https:\/\/istevl.com\/wp-content\/uploads\/2024\/12\/0x0-768x432.webp 768w\" sizes=\"(max-width: 800px) 100vw, 800px\" \/>\t\t\t\t\t\t\t\t<\/a>\n\t\t\t\t\t\t\t\t\t\t\t<figcaption class=\"widget-image-caption wp-caption-text\">Dan\u0131\u015fmanl\u0131k Hizmetleri<\/figcaption>\n\t\t\t\t\t\t\t\t\t\t<\/figure>\n\t\t\t\t\t\t\t\t\t<\/div>\n\t\t\t\t<\/div>\n\t\t\t\t<div class=\"elementor-element elementor-element-d16154a elementor-widget elementor-widget-image\" data-id=\"d16154a\" data-element_type=\"widget\" data-e-type=\"widget\" data-widget_type=\"image.default\">\n\t\t\t\t<div class=\"elementor-widget-container\">\n\t\t\t\t\t\t\t\t\t\t\t\t<figure class=\"wp-caption\">\n\t\t\t\t\t\t\t\t\t\t\t<a href=\"https:\/\/istevl.com\/?page_id=360\">\n\t\t\t\t\t\t\t<img loading=\"lazy\" decoding=\"async\" width=\"800\" height=\"457\" src=\"https:\/\/istevl.com\/wp-content\/uploads\/2024\/12\/DALL\u00b7E-2024-02-16-12.40.20-A-photo-realistic-image-of-a-modern-agricultural-field-under-a-clear-sky-showcasing-advanced-irrigation-methods.-The-scene-includes-drip-irrigation-l-1024x585-1.webp\" class=\"attachment-large size-large wp-image-473\" alt=\"\" srcset=\"https:\/\/istevl.com\/wp-content\/uploads\/2024\/12\/DALL\u00b7E-2024-02-16-12.40.20-A-photo-realistic-image-of-a-modern-agricultural-field-under-a-clear-sky-showcasing-advanced-irrigation-methods.-The-scene-includes-drip-irrigation-l-1024x585-1.webp 1024w, https:\/\/istevl.com\/wp-content\/uploads\/2024\/12\/DALL\u00b7E-2024-02-16-12.40.20-A-photo-realistic-image-of-a-modern-agricultural-field-under-a-clear-sky-showcasing-advanced-irrigation-methods.-The-scene-includes-drip-irrigation-l-1024x585-1-300x171.webp 300w, https:\/\/istevl.com\/wp-content\/uploads\/2024\/12\/DALL\u00b7E-2024-02-16-12.40.20-A-photo-realistic-image-of-a-modern-agricultural-field-under-a-clear-sky-showcasing-advanced-irrigation-methods.-The-scene-includes-drip-irrigation-l-1024x585-1-768x439.webp 768w\" sizes=\"(max-width: 800px) 100vw, 800px\" \/>\t\t\t\t\t\t\t\t<\/a>\n\t\t\t\t\t\t\t\t\t\t\t<figcaption class=\"widget-image-caption wp-caption-text\">Tar\u0131m Alan\u0131nda Hizmetler<\/figcaption>\n\t\t\t\t\t\t\t\t\t\t<\/figure>\n\t\t\t\t\t\t\t\t\t<\/div>\n\t\t\t\t<\/div>\n\t\t\t\t\t<\/div>\n\t\t\t\t<\/div>\n\t\t<div class=\"elementor-element elementor-element-6ff51f0 e-flex e-con-boxed e-con e-parent\" data-id=\"6ff51f0\" data-element_type=\"container\" data-e-type=\"container\">\n\t\t\t\t\t<div class=\"e-con-inner\">\n\t\t\t\t\t<\/div>\n\t\t\t\t<\/div>\n\t\t<div class=\"elementor-element elementor-element-7905f91 e-flex e-con-boxed e-con e-parent\" data-id=\"7905f91\" data-element_type=\"container\" data-e-type=\"container\">\n\t\t\t\t\t<div class=\"e-con-inner\">\n\t\t\t\t\t<\/div>\n\t\t\t\t<\/div>\n\t\t\t\t<\/div>\n\t\t","protected":false},"excerpt":{"rendered":"<p>Yenilenebilir Enerji Otomasyon Elektrik Pano Bak\u0131m Onar\u0131m ve \u0130\u015fletme Proje ve Taahh\u00fct Dan\u0131\u015fmanl\u0131k Hizmetleri Tar\u0131m Alan\u0131nda Hizmetler<\/p>\n","protected":false},"author":1,"featured_media":0,"parent":0,"menu_order":0,"comment_status":"closed","ping_status":"closed","template":"","meta":{"_monsterinsights_skip_tracking":false,"_monsterinsights_sitenote_active":false,"_monsterinsights_sitenote_note":"","_monsterinsights_sitenote_category":0,"footnotes":""},"class_list":["post-126","page","type-page","status-publish","hentry"],"aioseo_notices":[],"_links":{"self":[{"href":"https:\/\/istevl.com\/index.php?rest_route=\/wp\/v2\/pages\/126","targetHints":{"allow":["GET"]}}],"collection":[{"href":"https:\/\/istevl.com\/index.php?rest_route=\/wp\/v2\/pages"}],"about":[{"href":"https:\/\/istevl.com\/index.php?rest_route=\/wp\/v2\/types\/page"}],"author":[{"embeddable":true,"href":"https:\/\/istevl.com\/index.php?rest_route=\/wp\/v2\/users\/1"}],"replies":[{"embeddable":true,"href":"https:\/\/istevl.com\/index.php?rest_route=%2Fwp%2Fv2%2Fcomments&post=126"}],"version-history":[{"count":46,"href":"https:\/\/istevl.com\/index.php?rest_route=\/wp\/v2\/pages\/126\/revisions"}],"predecessor-version":[{"id":696,"href":"https:\/\/istevl.com\/index.php?rest_route=\/wp\/v2\/pages\/126\/revisions\/696"}],"wp:attachment":[{"href":"https:\/\/istevl.com\/index.php?rest_route=%2Fwp%2Fv2%2Fmedia&parent=126"}],"curies":[{"name":"wp","href":"https:\/\/api.w.org\/{rel}","templated":true}]}}